+ 21 = 0. List the prime factors of k.
2, 3
What are the prime factors of 2015 + ((-6)/(-39) - (-10)/(-65))?
5, 13, 31
Suppose 0 = -19*t + 9597 - 1560. List the prime factors of t.
3, 47
Suppose 30 = r + 4*r. Let a(o) = -o + 17. What are the prime factors of a(r)?
11
Suppose -2*g + 3*g + 1224 = -5*t, 752 = -3*t - 5*g. What are the prime factors of (-12)/48*t*1?
61
Let f = 35 - 35. Suppose -y = 3 - 2, -3*k - 4*y + 74 = f. List the prime factors of k.
2, 13
Let s(c) = c - 1. Suppose 0 = 5*i - 3 - 22. Let o be s(i). Let x = 37 - o. What are the prime factors of x?
3, 11
Suppose -2 = -a + 1. Suppose q - 7 = -5*y, q + a*y + 0*y = -1. Let u = q - -17. List the prime factors of u.
2
Let z = 360 - 247. Let o = z - 59. What are the prime factors of o?
2, 3
Let p = 182 + -128. Let r = 52 + p. List the prime factors of r.
2, 53
Let w(f) = -4*f - f - 44 - 16*f - 5. What are the prime factors of w(-4)?
5, 7
Let x = 4584 - -276. What are the prime factors of x?
2, 3, 5
Suppose u + 2*a = -2*a + 22, -3*a + 9 = 0. Let c be (48/30)/(4/u). Suppose c*h - 21 = 75. What are the prime factors of h?
2, 3
Let j = 12 - 10. Suppose 0 = j*w + 3*w + 85. Let m = w - -28. List the prime factors of m.
11
Let z(w) = -4*w**2 - 11*w - 3. Let t be z(-5). Suppose 3*n + 4*p - 244 = -24, -192 = -3*n + 3*p. Let m = n + t. What are the prime factors of m?
2, 5
Let f(t) = 5*t**2 + 2*t - 23. List the prime factors of f(10).
7, 71
Suppose 2*k = -5*u + 661, -4*u - k = -424 - 103. Let q = 441 + -437. Suppose 116 = 5*s + 5*b - 24, -5*s + q*b + u = 0. List the prime factors of s.
3
Suppose -d + 4*r + 2138 + 650 = 0, 5*d - 13940 = -5*r. List the prime factors of d.
2, 17, 41
Suppose 610 = m - 80. What are the prime factors of m?
2, 3, 5, 23
Suppose 12*r - 5*r - 7644 = 0. Suppose 8*q = q + r. What are the prime factors of q?
2, 3, 13
Let w(y) = -26*y - 4. Let b be w(8). Let g = b + 392. What are the prime factors of g?
2, 3, 5
Suppose 0*j = -j + 92. Suppose -5*f - j = 88. List the prime factors of 117/5 - f/60.
2, 3
Let n(h) = -10*h + 1. Let p = 12 + -13. Let u be n(p). What are the prime factors of (-15 + u)*3*-1?
2, 3
Let l(w) = -8*w**3 - 2*w**2 - w. Let t be (-3 + 0)/(1 + -2). Suppose h - t*z - z - 11 = 0, 4*z + 12 = 0. List the prime factors of l(h).
7
Let p = 1100 + -513. Suppose 0 = 3*t - 4*l - p, -4*l = -2*t + 7*t - 957. List the prime factors of t.
193
Let m = -48 + 50. Suppose -3*k - 149 = -m*b + 2*k, -2*b - 2*k = -156. What are the prime factors of b?
7, 11
Suppose 0 = 2*b - 0*b - 2*v, 2*v - 5 = b. Suppose -5*i + 11 = -b*t - 44, 0 = 2*i - 5*t - 22. Suppose -i = -u + 7. What are the prime factors of u?
2, 3
Suppose -t + 3*n = -582, -27*t + 28*t = 5*n + 580. What are the prime factors of t?
3, 5, 13
Let o(g) = g**3 + 4*g + 9*g - 12*g + 12*g**2 + 10. Let x be o(-12). Let i = 22 - x. What are the prime factors of i?
2, 3
Let m(x) = 2*x**3 + 46*x**2 + 40*x + 27. List the prime factors of m(-20).
1627
Let d = 1033 - -1553. List the prime factors of d.
2, 3, 431
Let h(g) = g**2 + 22*g - 35. Let z be h(-20). List the prime factors of (156/15)/(-2*3/z).
2, 5, 13
Let h(g) = -g**3 + 8*g**2 - 5*g - 10. Let v be h(7). Suppose -2*f + v*w - 44 = -0*w, 3*f - 4*w + 56 = 0. Let z = 22 + f. What are the prime factors of z?
2, 5
Let x(h) = 155*h + 3. Let i be x(5). Suppose -5*p + i = -212. What are the prime factors of p?
2, 3, 11
List the prime factors of ((-22876)/(-190))/(32/30 + -1).
2, 3, 7, 43
Let i(c) = -6*c**2 + 2*c + 2. Let l be i(-1). What are the prime factors of ((-268)/l*-1)/(2/(-3))?
67
Suppose -5*q = k - 4*k + 43, 2*q + 4*k + 38 = 0. List the prime factors of q/77 - (-379)/7.
2, 3
Suppose -3*v + 61 = 5*n, -2*v + n - 2*n + 29 = 0. Suppose -47*f = -45*f - v. List the prime factors of f.
2, 3
Suppose -12*j + 3613 = 1. List the prime factors of j.
7, 43
Suppose d + 5*a - 25 = 0, -4*d = a - 2 - 3. List the prime factors of 61 + (d - 3) + -3.
5, 11
What are the prime factors of 38/19 + 1 + 464?
467
Let u(g) = 50*g**2 + 2*g + 7. List the prime factors of u(3).
463
Suppose 4*l - 4*h + 1 = 17, 5*l - 29 = 2*h. Suppose -247 = -x + 4*v, -l*v = -4*x - 6*v + 928. What are the prime factors of x?
3, 7, 11
Let z = -35 - 158. Let n = 349 + z. Suppose -9*v - n = -13*v. What are the prime factors of v?
3, 13
Let t = -22 - 0. Suppose 15*d = 4*d + 77. What are the prime factors of t*((-7)/2)/d?
11
Let b = 6 - 5. Let r(d) = -3*d + 35. Let j be r(0). Suppose j + b = 2*i. List the prime factors of i.
2, 3
Suppose -862 + 7374 = 4*z. What are the prime factors of z?
2, 11, 37
Suppose 1246 = 9*d - 6611. What are the prime factors of d?
3, 97
What are the prime factors of (-321)/5*70/(-21)?
2, 107
Suppose -81*d + 25818 = -55*d. List the prime factors of d.
3, 331
What are the prime factors of 4 + (144 - (-3 - -6))?
5, 29
Let t be 50/13 + -1 + (-4)/(-26). Suppose t*r = 12, h - 5*r = -h + 52. What are the prime factors of h?
2, 3
Suppose -3*w - 4 = -7*w. Let t be 1 - (-8 + 4 + w). Suppose q - 119 = -2*z, q + 146 = 3*z - t*q. List the prime factors of z.
3, 19
Let b(n) = 5*n**2 + 3*n + 2. Let w be b(-1). Let t(d) = -6*d - 4 + 6*d - w - 5*d**2 - d - d**3. What are the prime factors of t(-6)?
2, 17
Suppose 600*u - 596*u - 1072 = 0. What are the prime factors of u?
2, 67
Suppose 2*c + 4*c + 96 = 0. Let q be -1*c/(-20)*-5. Suppose q = -m, -2*m + m + 46 = r. What are the prime factors of r?
2, 5
Let l(o) be the first derivative of o**3/3 - 9*o**2/2 - 54*o + 14. List the prime factors of l(-10).
2, 17
Let r(c) = -2*c - 4. Let f be r(-2). Suppose f = l + 3, -w + 3*l + 8 = 2*l. Suppose 2*x - 4 - 77 = w*y, -x + 30 = y. What are the prime factors of x?
3, 11
Suppose 186*a + 397 = 187*a. List the prime factors of a.
397
Let o = 59 - 56. Suppose z = o*z - 288. List the prime factors of z.
2, 3
Let t be 9 - (5 + -1)*1. Suppose -4*v = 2*a - 10, t*v + a = 2*a + 2. What are the prime factors of v - (-177)/(4 - 1)?
2, 3, 5
Let b(i) = -i**3 - 12*i**2 + 14*i + 12. Let h be b(-13). Let x be (-2)/(3 + (h - 4)). Let z(c) = 17*c + 1. List the prime factors of z(x).
2, 3
Suppose 3*q = 11 - 5. Suppose m + 3*i = -0*m + 2, -m - 2*i + q = 0. Suppose -m*p - 9 + 3 = 0, 2*p - 36 = -3*g. List the prime factors of g.
2, 7
Let s be (-30)/(-4)*(-4)/5. Let p = s - -8. List the prime factors of 1*(1 + p) + 22.
5
Let s(a) = a**3 - 5*a**2 + 2*a + 12. Let m be s(9). Suppose 4*g - d - m = 0, 4*d - d + 94 = g. List the prime factors of g.
2, 11
Suppose 4*c + 65 = 29. Let f = -4 - c. List the prime factors of f.
5
Suppose q - 20 = -22. List the prime factors of (2 - (-7)/q)/(3/(-40)).
2, 5
Let m(c) = 15*c**2 + 21*c - 13. Let g(z) = -5*z**2 - 7*z + 4. Let t(s) = -7*g(s) - 2*m(s). List the prime factors of t(4).
2, 53
What are the prime factors of (-22 - (-182)/13) + (-41)/(-1)?
3, 11
Let d(f) = -16*f**2 + 9. Let y be d(4). Let n = -133 - y. List the prime factors of n.
2, 3, 19
Let g(f) = -8*f - 1. Let p be (-108)/(-84) + 4/(-14). Let w be g(p). Let m(y) = -5*y - 20. List the prime factors of m(w).
5
Let x(b) = 278*b**2 + 3*b + 18. What are the prime factors of x(3)?
3, 281
Let p(w) = -w**2 - w + 10. Let n be p(-9). Let g = n - -66. List the prime factors of g.
2
Let b be (-2)/(-7) - 494/(-133). Suppose a - 54 = -o, -b*o = -4*a + 2*a - 186. What are the prime factors of o?
7
Suppose 2*b = -5*q - 15, 2*b - 25 = -2*b + q. Suppose 0 = u + 1, -z + 3*u + 18 = -10. Let s = b + z. List the prime factors of s.
2, 3, 5
Let z(s) = -s**2 + 6*s. Let n be z(5). Let c = -2 - n. Let i = c - -18. What are the prime factors of i?
11
Let u(r) = -r**3 - 12*r**2 - 12*r + 7. Let w(k) = -k**2 + 3*k + 7. Let j be w(-3). Let t be u(j). Suppose -m + t = m. What are the prime factors of m?
3
Let g(r) = 38*r - 19. Let b be g(6). Let o = b + -120. List the prime factors of o.
89
Let x be 3/(-4 + (-11)/(-2)). Suppose 2 = -2*u, 1 + x = v - u. Suppose 5*t = 4*t - 5*c + 30, -3*c = -v*t - 5. List the prime factors of t.
5
Let t = 1810 - 425. What are the prime factors of t?
5, 277
Let p = 1763 + -1084. List the prime factors of p.
7, 97
Suppose -9*n = -3421 + 334. What are the prime factors of n?
7
Let v(c) = -7*c + 48. Let j be v(6). What are the prime factors of 293/2 + (j/6)/2?
3, 7
Let o(y) = 4*y**3 - 15*y**2 + 16*y + 13. Let p(x) = x**3 + x**2 - x - 1. Let n(i) = -o(i) + 3*p(i). What